{"id":81,"date":"2020-10-01T11:07:03","date_gmt":"2020-10-01T09:07:03","guid":{"rendered":"http:\/\/www.bm3c2.fr\/?page_id=81"},"modified":"2024-03-21T14:47:14","modified_gmt":"2024-03-21T13:47:14","slug":"bibliographie","status":"publish","type":"page","link":"https:\/\/www.bm3c2.fr\/index.php\/bibliographie\/","title":{"rendered":"Bibliographie"},"content":{"rendered":"<p>[et_pb_section fb_built=&#8221;1&#8243; _builder_version=&#8221;4.16&#8243; global_colors_info=&#8221;{}&#8221;][et_pb_row _builder_version=&#8221;4.16&#8243; global_colors_info=&#8221;{}&#8221;][et_pb_column type=&#8221;4_4&#8243; _builder_version=&#8221;4.16&#8243; global_colors_info=&#8221;{}&#8221;][et_pb_text admin_label=&#8221;bibliographie&#8221; _builder_version=&#8221;4.16&#8243; header_font=&#8221;Boogaloo||||||||&#8221; header_text_align=&#8221;center&#8221; header_text_color=&#8221;#bc1900&#8243; header_font_size=&#8221;32px&#8221; header_2_font=&#8221;Boogaloo||||||||&#8221; header_2_text_color=&#8221;#002342&#8243; header_2_font_size=&#8221;2px&#8221; global_colors_info=&#8221;{}&#8221;]<\/p>\n<h1>Bibliographie<\/h1>\n<p>Arnsperger, C., Bourg, D. (2017). <em>Ecologie int\u00e9grale : Pour une soci\u00e9t\u00e9 permacirculaire<\/em>. Paris, Presses Universitaires de France.<\/p>\n<p>Demil, B., Lecocq, X. (2010). Business model evolution: in search of dynamic consistency. <em>Long range planning,<\/em> 43(2-3), 227-246.<\/p>\n<p>Kirchherr, J., Reike, D., Hekkert, M. (2017). Conceptualizing the circular economy: An analysis of 114 definitions. <em>Resources, Conservation &amp; Recycling<\/em>, 127, 221-232.<\/p>\n<p>Lecocq, X., Mangematin, V., Maucuer, R., Ronteau, S. (2018). Du mod\u00e8le d\u2019affaires \u00e0 l\u2019\u00e9cosyst\u00e8me : comprendre les transformations en cours. <em>Finance Contr\u00f4le Strat\u00e9gie<\/em>, (NS-1).<\/p>\n<p>Osterwalder, A., Pigneur, Y. (2011). <em>Business model Nouvelle G\u00e9n\u00e9ration. Un guide pour visionnaires, r\u00e9volutionnaires et challengers<\/em>, Paris, Pearson Education.<\/p>\n<p>Passet, R. (1996). <em>L\u2019\u00e9conomique et le vivant<\/em>, Paris, Economica (2<sup>e<\/sup> \u00e9dition).<\/p>\n<p>Reike, D., Vermeulen, W. J., Witjes, S. (2018). The circular economy: New or refurbished as CE 3.0?\u2014Exploring controversies in the conceptualization of the circular economy through a focus on history and resource value retention options, <em>Resources, Conservation &amp; Recycling<\/em>, 135, 246-264.<\/p>\n<p>T\u00e4uscher, K., Abdelkafi, N. (2017). Visual tools for business model innovation: Recommendations from a cognitive perspective. <em>Creativity and Innovation Management<\/em>, 26(2), 160-174.<\/p>\n<p><strong>Communications et articles au sujet du mod\u00e8le BM3C2<\/strong><\/p>\n<p>Boldrini, J.-C., Antheaume, N. (2019). Visualizing the connection and the alignment between business models in a circular economy. A circular framework based on the RCOV model, <em>XXVIII<sup>e<\/sup> Conf\u00e9rence Internationale de Management Strat\u00e9gique<\/em>, Dakar, 11-14 juin. Disponible sur : <a href=\"https:\/\/www.strategie-aims.com\/events\/conferences\/30-xxviiieme-conference-de-l-aims\/communications\/5235-visualizing-the-connection-and-the-alignment-between-business-models-in-a-circular-economy-a-circular-framework-based-on-the-rcov-model\/download\"><\/a><a href=\"https:\/\/www.researchgate.net\/publication\/338682479_Visualizing_the_connection_and_the_alignment_between_business_models_in_a_circular_economy_A_circular_framework_based_on_the_RCOV_model\">https:\/\/www.researchgate.net\/publication\/338682479_Visualizing_the_connection_and_the_alignment_between_business_models_in_a_circular_economy_A_circular_framework_based_on_the_RCOV_model<\/a><\/p>\n<p><a href=\"https:\/\/www.strategie-aims.com\/events\/conferences\/30-xxviiieme-conference-de-l-aims\/communications\/5235-visualizing-the-connection-and-the-alignment-between-business-models-in-a-circular-economy-a-circular-framework-based-on-the-rcov-model\/download\"><\/a><\/p>\n<p>Boldrini, J.-C. (2020). La transition vers l\u2019\u00e9conomie circulaire et ses tensions dans la mutation des mod\u00e8les d\u2019affaires, <i>Management International<\/i>, 24(5), p. 37-48. Disponible sur : <a href=\"https:\/\/www.erudit.org\/en\/journals\/mi\/2020-v24-n5-mi05852\/1075478ar\/\">https:\/\/www.erudit.org\/en\/journals\/mi\/2020-v24-n5-mi05852\/1075478ar\/<\/a><\/p>\n<p>Boldrini, J.-C., Antheaume, N. (2021). Designing and testing a new Sustainable Business Model tool for Multi-actor, Multi-level, Circular, and Collaborative contexts, <em>Journal of Cleaner Production, <\/em>309, 127209. Disponible sur : <a href=\"https:\/\/www.sciencedirect.com\/science\/article\/pii\/S0959652621014281\">https:\/\/www.sciencedirect.com\/science\/article\/pii\/S0959652621014281<\/a>.<\/p>\n<p>Boldrini, J.-C., Elie, M. (2021). Former \u00e0 la transition \u00e9cologique dans l\u2019enseignement sup\u00e9rieur. L\u2019exemple d\u2019une p\u00e9dagogie active d\u2019apprentissage des mod\u00e8les d\u2019affaires circulaires, <i>XXX<sup>\u00e8me<\/sup> conf\u00e9rence de l\u2019AIMS<\/i>, En ligne, 1-4 juin 2021. Disponible sur :\u00a0<a href=\"https:\/\/www.researchgate.net\/publication\/352120722_Former_a_la_transition_ecologique_dans_l%27enseignement_superieur_L%27exemple_d%27une_pedagogie_active_d%27apprentissage_des_modeles_d%27affaires_circulaires\">https:\/\/www.researchgate.net\/publication\/352120722_Former_a_la_transition_ecologique_dans_l%27enseignement_superieur_L%27exemple_d%27une_pedagogie_active_d%27apprentissage_des_modeles_d%27affaires_circulaires<\/a><\/p>\n<p>Boldrini, J.-C., Delorme, D. (2023). Former les acteurs des transitions soutenables. Les apports des projets tutor\u00e9s dans l\u2019enseignement sup\u00e9rieur. <em>Management international<\/em>. Disponible sur : <span><a href=\"https:\/\/biblos.hec.ca\/biblio\/periodiques\/management_international\/MI-2236.pdf\">https:\/\/biblos.hec.ca\/biblio\/periodiques\/management_international\/MI-2236.pdf<\/a><\/span><\/p>\n<p><span><\/span><\/p>\n<p>Boldrini, J.-C., Delorme, D. (2024). Educating students as future transition intermediaries for circular ecosystems, <em>in<\/em> Irwin, L., Rimanoczy, I., Fritz, M. &amp; Weichert, J. (coord.). <em>Transforming business education for a sustainable future: Stories of pioneers<\/em>, Taylor &amp; Francis, p. 93-107. Disponible sur :\u00a0<a href=\"https:\/\/www.researchgate.net\/publication\/375972346_Educating_Students_as_Future_Transition_Intermediaries_for_Circular_Ecosystems\">https:\/\/www.researchgate.net\/publication\/375972346_Educating_Students_as_Future_Transition_Intermediaries_for_Circular_Ecosystems<\/a><\/p>\n<p>[\/et_pb_text][\/et_pb_column][\/et_pb_row][\/et_pb_section]<\/p>\n","protected":false},"excerpt":{"rendered":"<p>Bibliographie Arnsperger, C., Bourg, D. (2017). Ecologie int\u00e9grale : Pour une soci\u00e9t\u00e9 permacirculaire. Paris, Presses Universitaires de France. Demil, B., Lecocq, X. (2010). Business model evolution: in search of dynamic consistency. Long range planning, 43(2-3), 227-246. Kirchherr, J., Reike, D., Hekkert, M. (2017). Conceptualizing the circular economy: An analysis of 114 definitions. Resources, Conservation &amp; [&hellip;]<\/p>\n","protected":false},"author":1,"featured_media":0,"parent":0,"menu_order":0,"comment_status":"closed","ping_status":"closed","template":"","meta":{"_et_pb_use_builder":"on","_et_pb_old_content":"","_et_gb_content_width":"","footnotes":""},"class_list":["post-81","page","type-page","status-publish","hentry"],"_links":{"self":[{"href":"https:\/\/www.bm3c2.fr\/index.php\/wp-json\/wp\/v2\/pages\/81","targetHints":{"allow":["GET"]}}],"collection":[{"href":"https:\/\/www.bm3c2.fr\/index.php\/wp-json\/wp\/v2\/pages"}],"about":[{"href":"https:\/\/www.bm3c2.fr\/index.php\/wp-json\/wp\/v2\/types\/page"}],"author":[{"embeddable":true,"href":"https:\/\/www.bm3c2.fr\/index.php\/wp-json\/wp\/v2\/users\/1"}],"replies":[{"embeddable":true,"href":"https:\/\/www.bm3c2.fr\/index.php\/wp-json\/wp\/v2\/comments?post=81"}],"version-history":[{"count":34,"href":"https:\/\/www.bm3c2.fr\/index.php\/wp-json\/wp\/v2\/pages\/81\/revisions"}],"predecessor-version":[{"id":877,"href":"https:\/\/www.bm3c2.fr\/index.php\/wp-json\/wp\/v2\/pages\/81\/revisions\/877"}],"wp:attachment":[{"href":"https:\/\/www.bm3c2.fr\/index.php\/wp-json\/wp\/v2\/media?parent=81"}],"curies":[{"name":"wp","href":"https:\/\/api.w.org\/{rel}","templated":true}]}}