{"id":47,"date":"2020-10-01T10:53:26","date_gmt":"2020-10-01T08:53:26","guid":{"rendered":"http:\/\/www.bm3c2.fr\/?page_id=47"},"modified":"2021-04-23T16:01:59","modified_gmt":"2021-04-23T14:01:59","slug":"telecharger-trames","status":"publish","type":"page","link":"https:\/\/www.bm3c2.fr\/index.php\/telecharger-trames\/","title":{"rendered":"Trames \u00e0 t\u00e9l\u00e9charger"},"content":{"rendered":"<p>[et_pb_section fb_built=&#8221;1&#8243; _builder_version=&#8221;3.29.3&#8243; custom_padding=&#8221;||13px|||&#8221;][et_pb_row column_structure=&#8221;1_2,1_2&#8243; _builder_version=&#8221;4.9.2&#8243; _module_preset=&#8221;default&#8221;][et_pb_column type=&#8221;1_2&#8243; _builder_version=&#8221;4.9.2&#8243; _module_preset=&#8221;default&#8221;][et_pb_button button_url=&#8221;#telecharger&#8221; button_text=&#8221;t\u00e9l\u00e9charger les trames&#8221; _builder_version=&#8221;4.9.2&#8243; _module_preset=&#8221;default&#8221; button_text_color=&#8221;#14253D&#8221;][\/et_pb_button][\/et_pb_column][et_pb_column type=&#8221;1_2&#8243; _builder_version=&#8221;4.9.2&#8243; _module_preset=&#8221;default&#8221;][et_pb_button button_url=&#8221;#bache&#8221; button_text=&#8221;Comment imprimer les trames sur b\u00e2che ?&#8221; _builder_version=&#8221;4.9.4&#8243; _module_preset=&#8221;default&#8221; button_text_color=&#8221;#14253D&#8221; hover_enabled=&#8221;0&#8243; sticky_enabled=&#8221;0&#8243;][\/et_pb_button][\/et_pb_column][\/et_pb_row][et_pb_row _builder_version=&#8221;3.29.3&#8243; min_height=&#8221;65px&#8221; custom_margin=&#8221;|auto|-14px|auto||&#8221; custom_padding=&#8221;63px|||||&#8221;][et_pb_column type=&#8221;4_4&#8243; _builder_version=&#8221;3.29.3&#8243;][et_pb_text admin_label=&#8221;trames et modeles&#8221; module_id=&#8221;telecharger&#8221; _builder_version=&#8221;4.9.2&#8243; header_font=&#8221;Boogaloo||||||||&#8221; header_text_align=&#8221;center&#8221; header_text_color=&#8221;#bc1900&#8243; header_font_size=&#8221;32px&#8221; header_2_font=&#8221;Boogaloo||||||||&#8221; header_2_text_color=&#8221;#002342&#8243;]<\/p>\n<h1>Trames \u00e0 t\u00e9l\u00e9charger<\/h1>\n<p>[\/et_pb_text][\/et_pb_column][\/et_pb_row][\/et_pb_section][et_pb_section fb_built=&#8221;1&#8243; _builder_version=&#8221;3.29.3&#8243; custom_padding=&#8221;21px|||||&#8221;][et_pb_row column_structure=&#8221;1_2,1_2&#8243; _builder_version=&#8221;3.29.3&#8243;][et_pb_column type=&#8221;1_2&#8243; _builder_version=&#8221;3.29.3&#8243;][et_pb_text admin_label=&#8221;BM A et B&#8221; _builder_version=&#8221;4.6.6&#8243; header_2_font=&#8221;Boogaloo||||||||&#8221;]<\/p>\n<h2 style=\"text-align: center;\">Trame de mod\u00e8le d&#8217;affaires d&#8217;une organisation<\/h2>\n<p>[\/et_pb_text][et_pb_image src=&#8221;https:\/\/www.bm3c2.fr\/bm3c2\/wp-content\/uploads\/2020\/10\/Trame-organisation_NV.png&#8221; align=&#8221;center&#8221; _builder_version=&#8221;4.9.2&#8243; width=&#8221;45%&#8221;][\/et_pb_image][et_pb_button button_url=&#8221;https:\/\/www.bm3c2.fr\/bm3c2\/wp-content\/uploads\/2021\/04\/BM3C2_trame-organisation_A2.pdf&#8221; url_new_window=&#8221;on&#8221; button_text=&#8221;t\u00e9l\u00e9charger au format pdf (A2)&#8221; admin_label=&#8221;BM A&#8221; _builder_version=&#8221;4.9.4&#8243; background_layout=&#8221;dark&#8221; hover_enabled=&#8221;0&#8243; sticky_enabled=&#8221;0&#8243;][\/et_pb_button][et_pb_button button_url=&#8221;https:\/\/www.bm3c2.fr\/bm3c2\/wp-content\/uploads\/2021\/04\/BM3C2_Trame-organisation_A4.pdf&#8221; url_new_window=&#8221;on&#8221; button_text=&#8221;t\u00e9l\u00e9charger au format pdf (A4)&#8221; admin_label=&#8221;BM A&#8221; _builder_version=&#8221;4.9.4&#8243; background_layout=&#8221;dark&#8221; hover_enabled=&#8221;0&#8243; sticky_enabled=&#8221;0&#8243;][\/et_pb_button][et_pb_button button_url=&#8221;https:\/\/www.bm3c2.fr\/bm3c2\/wp-content\/uploads\/2021\/04\/Trame-organisation_NV_word.docx&#8221; url_new_window=&#8221;on&#8221; button_text=&#8221;t\u00e9l\u00e9charger au format word (A4)&#8221; admin_label=&#8221;BM A&#8221; _builder_version=&#8221;4.9.4&#8243; background_layout=&#8221;dark&#8221; hover_enabled=&#8221;0&#8243; sticky_enabled=&#8221;0&#8243;][\/et_pb_button][\/et_pb_column][et_pb_column type=&#8221;1_2&#8243; _builder_version=&#8221;3.29.3&#8243;][et_pb_text admin_label=&#8221;BM A et B&#8221; _builder_version=&#8221;4.9.2&#8243; header_2_font=&#8221;Boogaloo||||||||&#8221; header_2_text_align=&#8221;center&#8221;]<\/p>\n<h2>Trame de connexions<\/h2>\n<p>[\/et_pb_text][et_pb_image src=&#8221;https:\/\/www.bm3c2.fr\/bm3c2\/wp-content\/uploads\/2020\/10\/trame-connexions-VF.png&#8221; align=&#8221;center&#8221; _builder_version=&#8221;4.9.2&#8243; width=&#8221;46%&#8221;][\/et_pb_image][et_pb_button button_url=&#8221;https:\/\/www.bm3c2.fr\/bm3c2\/wp-content\/uploads\/2021\/04\/BM3C2_trame-connexions_A2.pdf&#8221; url_new_window=&#8221;on&#8221; button_text=&#8221;t\u00e9l\u00e9charger au format pdf (A2)&#8221; admin_label=&#8221;BM B&#8221; _builder_version=&#8221;4.9.4&#8243; background_layout=&#8221;dark&#8221; hover_enabled=&#8221;0&#8243; sticky_enabled=&#8221;0&#8243;][\/et_pb_button][et_pb_button button_url=&#8221;https:\/\/www.bm3c2.fr\/bm3c2\/wp-content\/uploads\/2021\/04\/BM3C2_trame-connexions_A4.pdf&#8221; url_new_window=&#8221;on&#8221; button_text=&#8221;t\u00e9l\u00e9charger au format pdf (A4)&#8221; admin_label=&#8221;BM B&#8221; _builder_version=&#8221;4.9.4&#8243; background_layout=&#8221;dark&#8221; hover_enabled=&#8221;0&#8243; sticky_enabled=&#8221;0&#8243;][\/et_pb_button][et_pb_button button_url=&#8221;https:\/\/www.bm3c2.fr\/bm3c2\/wp-content\/uploads\/2021\/04\/trame-connexions-NV_word-1.docx&#8221; url_new_window=&#8221;on&#8221; button_text=&#8221;t\u00e9l\u00e9charger au format word (A4)&#8221; admin_label=&#8221;BM B&#8221; _builder_version=&#8221;4.9.4&#8243; background_layout=&#8221;dark&#8221; hover_enabled=&#8221;0&#8243; sticky_enabled=&#8221;0&#8243;][\/et_pb_button][\/et_pb_column][\/et_pb_row][et_pb_row column_structure=&#8221;1_2,1_2&#8243; _builder_version=&#8221;3.29.3&#8243;][et_pb_column type=&#8221;1_2&#8243; _builder_version=&#8221;3.29.3&#8243;][et_pb_text admin_label=&#8221;BM A et B&#8221; _builder_version=&#8221;4.9.2&#8243; header_2_font=&#8221;Boogaloo||||||||&#8221;]<\/p>\n<h2 style=\"text-align: center;\">Trame compl\u00e8te &#8211; connexions entre deux organisations<\/h2>\n<p>[\/et_pb_text][et_pb_image src=&#8221;https:\/\/www.bm3c2.fr\/bm3c2\/wp-content\/uploads\/2020\/10\/trame-double-dossier.png&#8221; align=&#8221;center&#8221; _builder_version=&#8221;4.6.6&#8243; width=&#8221;87%&#8221;][\/et_pb_image][et_pb_button button_url=&#8221;https:\/\/www.bm3c2.fr\/bm3c2\/wp-content\/uploads\/2021\/04\/BM3C2_trame-double.pdf&#8221; url_new_window=&#8221;on&#8221; button_text=&#8221;t\u00e9l\u00e9charger au format pdf&#8221; admin_label=&#8221;BM A&#8221; _builder_version=&#8221;4.9.4&#8243; background_layout=&#8221;dark&#8221; hover_enabled=&#8221;0&#8243; sticky_enabled=&#8221;0&#8243;][\/et_pb_button][et_pb_button button_url=&#8221;https:\/\/www.bm3c2.fr\/bm3c2\/wp-content\/uploads\/2021\/04\/trame-double-1.docx&#8221; url_new_window=&#8221;on&#8221; button_text=&#8221;t\u00e9l\u00e9charger au format word&#8221; admin_label=&#8221;BM A&#8221; _builder_version=&#8221;4.9.4&#8243; background_layout=&#8221;dark&#8221; hover_enabled=&#8221;0&#8243; sticky_enabled=&#8221;0&#8243;][\/et_pb_button][\/et_pb_column][et_pb_column type=&#8221;1_2&#8243; _builder_version=&#8221;3.29.3&#8243;][et_pb_text admin_label=&#8221;BM A et B&#8221; _builder_version=&#8221;4.9.2&#8243; header_2_font=&#8221;Boogaloo||||||||&#8221; header_2_text_align=&#8221;center&#8221;]<\/p>\n<h2>Trame de connexions pour insertion dans un dossier<\/h2>\n<p>[\/et_pb_text][et_pb_image src=&#8221;https:\/\/www.bm3c2.fr\/bm3c2\/wp-content\/uploads\/2020\/10\/trame-connexion-dossier-d.png&#8221; align=&#8221;center&#8221; _builder_version=&#8221;3.29.3&#8243; width=&#8221;87%&#8221;][\/et_pb_image][et_pb_button button_url=&#8221;https:\/\/www.bm3c2.fr\/bm3c2\/wp-content\/uploads\/2020\/10\/trame-connexion-dossier-d.pdf&#8221; url_new_window=&#8221;on&#8221; button_text=&#8221;t\u00e9l\u00e9charger au format pdf&#8221; admin_label=&#8221;BM B&#8221; _builder_version=&#8221;4.6.6&#8243; background_layout=&#8221;dark&#8221;][\/et_pb_button][et_pb_button button_url=&#8221;https:\/\/www.bm3c2.fr\/bm3c2\/wp-content\/uploads\/2020\/10\/trame-connexion-dossier-d.docx&#8221; url_new_window=&#8221;on&#8221; button_text=&#8221;t\u00e9l\u00e9charger au format word&#8221; admin_label=&#8221;BM B&#8221; _builder_version=&#8221;4.6.6&#8243; background_layout=&#8221;dark&#8221;][\/et_pb_button][\/et_pb_column][\/et_pb_row][et_pb_row _builder_version=&#8221;3.29.3&#8243; custom_padding=&#8221;63px||80px|||&#8221;][et_pb_column type=&#8221;4_4&#8243; _builder_version=&#8221;3.29.3&#8243;][et_pb_button button_url=&#8221;https:\/\/www.bm3c2.fr\/bm3c2\/wp-content\/uploads\/2021\/04\/trames_bm3c2.zip&#8221; button_text=&#8221;t\u00e9l\u00e9charger toutes les trames au format ZIP&#8221; _builder_version=&#8221;4.9.4&#8243; button_text_color=&#8221;#475b57&#8243; button_bg_color=&#8221;#ffffff&#8221; button_border_color=&#8221;#475b57&#8243; button_icon_color=&#8221;#475b57&#8243; background_layout=&#8221;dark&#8221; hover_enabled=&#8221;0&#8243; sticky_enabled=&#8221;0&#8243;][\/et_pb_button][\/et_pb_column][\/et_pb_row][et_pb_row _builder_version=&#8221;3.29.3&#8243; custom_padding=&#8221;63px||80px|||&#8221;][et_pb_column type=&#8221;4_4&#8243; _builder_version=&#8221;3.29.3&#8243;][et_pb_text admin_label=&#8221;trames et modeles&#8221; module_id=&#8221;bache&#8221; _builder_version=&#8221;4.9.2&#8243; header_font=&#8221;Boogaloo||||||||&#8221; header_text_align=&#8221;center&#8221; header_text_color=&#8221;#bc1900&#8243; header_font_size=&#8221;32px&#8221; header_2_font=&#8221;Boogaloo||||||||&#8221; header_2_text_color=&#8221;#002342&#8243;]<\/p>\n<h1>Trames \u00e0 imprimer sur b\u00e2che<\/h1>\n<p>[\/et_pb_text][et_pb_text _builder_version=&#8221;4.9.2&#8243; _module_preset=&#8221;default&#8221;]<\/p>\n<p>Dans le cadre de l&#8217;animation d&#8217;ateliers et de TD, pour \u00e9viter que les trames \u00ab Organisation \u00bb et \u00ab Connexions \u00bb soient \u00e0 usage unique, car remplies directement, il est possible de les imprimer non pas sur papier mais sur b\u00e2che (au format A2 par exemple).<\/p>\n<p>Le support b\u00e2che n\u2019est toutefois pas effa\u00e7able si on \u00e9crit dessus avec des feutres pour tableau blanc. Une astuce est de faire imprimer, et plastifier des trames de la m\u00eame dimension que la b\u00e2che, puis de d\u00e9couper chaque case. Chaque case plastifi\u00e9e est ensuite positionn\u00e9e sur la b\u00e2che (et peut \u00eatre fix\u00e9e avec de la p\u00e2te \u00e0 fixe pour afficher le r\u00e9sultat au mur).<\/p>\n<p>Ce dispositif permet de ranger plus facilement les trames en roulant les b\u00e2ches et en empilant les cases plastifi\u00e9es. De plus, les \u00e9tudiants appr\u00e9cient le fait de pouvoir s\u00e9parer les case pour se r\u00e9partir le travail plus confortablement.<\/p>\n<p>Diff\u00e9rents documents sont disponibles pour vous aider \u00e0 cr\u00e9er vos propres supports suivant cette m\u00e9thode : les trames \u00e0 t\u00e9l\u00e9charger format A2 dans la section ci-dessus, un plan de d\u00e9coupe des fiches \u00e0 plastifier, \u00e0 partir des trames \u00ab Organisation \u00bb et \u00ab Connexions \u00bb, et un plan pour cr\u00e9er des pochettes de rangement.<\/p>\n<p>[\/et_pb_text][\/et_pb_column][\/et_pb_row][et_pb_row column_structure=&#8221;1_2,1_2&#8243; _builder_version=&#8221;4.9.2&#8243; _module_preset=&#8221;default&#8221;][et_pb_column type=&#8221;1_2&#8243; _builder_version=&#8221;4.9.2&#8243; _module_preset=&#8221;default&#8221;][et_pb_button button_url=&#8221;https:\/\/www.bm3c2.fr\/bm3c2\/wp-content\/uploads\/2021\/03\/Trame-organisation_VF_Plan-de\u0301coupe.pdf&#8221; button_text=&#8221;Plan de d\u00e9coupe organisation&#8221; _builder_version=&#8221;4.9.2&#8243; _module_preset=&#8221;default&#8221;][\/et_pb_button][et_pb_button button_url=&#8221;https:\/\/www.bm3c2.fr\/bm3c2\/wp-content\/uploads\/2021\/03\/Trame-connexions-VF_Plan-de\u0301coupe.pdf&#8221; button_text=&#8221;plan de d\u00e9coupe connexions&#8221; _builder_version=&#8221;4.9.2&#8243; _module_preset=&#8221;default&#8221;][\/et_pb_button][\/et_pb_column][et_pb_column type=&#8221;1_2&#8243; _builder_version=&#8221;4.9.2&#8243; _module_preset=&#8221;default&#8221;][et_pb_button button_url=&#8221;https:\/\/www.bm3c2.fr\/bm3c2\/wp-content\/uploads\/2021\/03\/creation-pochettes.pdf&#8221; button_text=&#8221;cr\u00e9ation de pochettes de rangement&#8221; _builder_version=&#8221;4.9.2&#8243; _module_preset=&#8221;default&#8221;][\/et_pb_button][\/et_pb_column][\/et_pb_row][\/et_pb_section]<\/p>\n","protected":false},"excerpt":{"rendered":"<p>Trames \u00e0 t\u00e9l\u00e9chargerTrame de mod\u00e8le d&#8217;affaires d&#8217;une organisationTrame de connexionsTrame compl\u00e8te &#8211; connexions entre deux organisationsTrame de connexions pour insertion dans un dossierTrames \u00e0 imprimer sur b\u00e2cheDans le cadre de l&#8217;animation d&#8217;ateliers et de TD, pour \u00e9viter que les trames \u00ab Organisation \u00bb et \u00ab Connexions \u00bb soient \u00e0 usage unique, car remplies directement, il [&hellip;]<\/p>\n","protected":false},"author":1,"featured_media":0,"parent":0,"menu_order":0,"comment_status":"closed","ping_status":"closed","template":"","meta":{"_et_pb_use_builder":"on","_et_pb_old_content":"","_et_gb_content_width":"","footnotes":""},"class_list":["post-47","page","type-page","status-publish","hentry"],"_links":{"self":[{"href":"https:\/\/www.bm3c2.fr\/index.php\/wp-json\/wp\/v2\/pages\/47","targetHints":{"allow":["GET"]}}],"collection":[{"href":"https:\/\/www.bm3c2.fr\/index.php\/wp-json\/wp\/v2\/pages"}],"about":[{"href":"https:\/\/www.bm3c2.fr\/index.php\/wp-json\/wp\/v2\/types\/page"}],"author":[{"embeddable":true,"href":"https:\/\/www.bm3c2.fr\/index.php\/wp-json\/wp\/v2\/users\/1"}],"replies":[{"embeddable":true,"href":"https:\/\/www.bm3c2.fr\/index.php\/wp-json\/wp\/v2\/comments?post=47"}],"version-history":[{"count":32,"href":"https:\/\/www.bm3c2.fr\/index.php\/wp-json\/wp\/v2\/pages\/47\/revisions"}],"predecessor-version":[{"id":795,"href":"https:\/\/www.bm3c2.fr\/index.php\/wp-json\/wp\/v2\/pages\/47\/revisions\/795"}],"wp:attachment":[{"href":"https:\/\/www.bm3c2.fr\/index.php\/wp-json\/wp\/v2\/media?parent=47"}],"curies":[{"name":"wp","href":"https:\/\/api.w.org\/{rel}","templated":true}]}}